Let p(y) = y + 22. Let u be p(-18). Suppose -2*g + 2*q + 19320 = q, -38644 = -4*g + u*q. Suppose -g = -0*z - 13*z. Is z a prime number?
True
Let i(a) = 1309*a + 49. Let f be i(-9). Let d = -6823 - f. Is d prime?
True
Let i = -76 - -70. Is ((-5859)/i + 3)/((-9)/(-6)) a composite number?
False
Is 423173*(2/(-22))/(88/(-968)) composite?
False
Let x(c) be the first derivative of 26 - 1/2*c**2 - 1/3*c**3 + 1551/2*c**4 + c. Is x(1) composite?
True
Let m = 12 + 8. Suppose -16 = s - m. Is (s/((-36)/5403))/(2/(-6)) prime?
True
Let j(d) = d**2 - 6*d + 1. Let b be j(6). Suppose -q - 41 - b = 0. Let i = 37 - q. Is i a prime number?
True
Let h = 48308 - 34329. Is h prime?
False
Let n = -789 + 429. Let d = n + 973. Let m = 1622 - d. Is m composite?
False
Suppose 7425 = 7*c + 2*c. Suppose -c = -2*g - 3*g. Is 7/(-4 + g/41) a composite number?
True
Suppose 24*n + 31026 = -14*n + 4133924. Is n composite?
False
Let a = -107 + 110. Suppose -a*j + 2*r + 1837 = -194, -3*j + 2031 = r. Is j composite?
False
Is (619392/4 - -9) + -1 + 5 a prime number?
False
Suppose -14 - 5 = -3*i + 5*z, -z = 2. Let q(n) be the second derivative of 85*n**3/3 - 11*n**2/2 - 9*n. Is q(i) prime?
True
Suppose -l + 5*x + 237497 = 0, -132*l + 7*x = -130*l - 474988. Is l prime?
True
Let l be (8/20)/(3/15). Suppose 18 + 7 = l*a - z, 0 = -3*z - 3. Suppose p - 87 = 2*j + 1090, a = -4*j. Is p a composite number?
False
Suppose 0 = 2*f, 0 = 3*b - 2*f + 7*f + 12. Let l(c) = -2*c - 2. Let s be l(b). Suppose 16 = -s*t + 4252. Is t a prime number?
False
Let x = -322671 + 601150. Is x prime?
True
Suppose 13*k = k + 15108. Suppose -3*o + k = -814. Is o a composite number?
False
Let i = -47085 - -85628. Is i a composite number?
False
Let f(g) = 0 + 4*g + 2125*g**2 + 651*g**2 + 539*g**2 - 5. Is f(1) a prime number?
False
Suppose -4*s + 3483 = 12*y - 11*y, 4*y = 2*s - 1764. Suppose 12316 = s*x - 868*x. Is x prime?
True
Let n(r) = 3*r**2 + 4*r - 1. Let w be n(-2). Suppose 2*k - 100 = -c + 43, w*c - 434 = -k. Is c prime?
False
Let y(j) = -j**3 + 9*j**2 + 20*j + 9. Let p be y(-10). Let h = -700 + p. Is h prime?
True
Is 175511 + 25*(-24)/(-60)*-1 a prime number?
False
Suppose 18400 = 6*d - 53576. Suppose -1967 = 3*h - d. Is h prime?
True
Suppose -3*v = 5*b - 147 + 32, -172 = -4*v - 2*b. Is ((-14566)/6 - 0)*v/(-15) composite?
False
Let a = -175 - -527. Let x be a/12 + 3/(-9). Suppose -3*u + 76 + x = 0. Is u a prime number?
False
Suppose -3*i - 4*v = -89, -3*i - 2*v + 93 = v. Suppose i*l + 50718 = 37*l. Let x = 39170 - l. Is x a prime number?
False
Let l(r) = -10242*r**3 - 6*r**2 - 26*r - 49. Is l(-3) a prime number?
False
Let o = -891288 + 1251629. Is o a composite number?
True
Let g = -1083 + 198272. Is g a prime number?
False
Let g = -51373 - -87129. Is 2/(-8)*2*g/(-7) a prime number?
False
Let v(f) = 486*f**2 + f + 174. Is v(-9) a composite number?
True
Suppose -4*s - 25 = -2*p + p, -3*p + 3*s = -39. Suppose 4*r - 6*d + p*d - 44347 = 0, -5*r - 3*d = -55430. Is r composite?
False
Is 500459*(3 - -7)/10 a prime number?
True
Suppose -3*y = -4*b + 404561 + 178067, -5*b + 728247 = y. Is b prime?
False
Suppose -18 = 3*g - 18. Let m(k) = k**3 - k**2 + 2*k + 3. Let i be m(g). Is 1329 + i + (4/(-2) - 1) a composite number?
True
Let j(w) = 32*w**2 + 38*w + 3. Let d be j(-4). Let x = 478 - d. Is x a composite number?
True
Let t = -174 - -174. Suppose t = 4*a + 20, a + 2824 = -2*j + 3*j. Is j prime?
True
Is 3/((-9)/49188)*(10 - (-235)/(-20)) a prime number?
False
Let p = -82 + 85. Let z be (-1 + 61)*(0 - (4 - p)). Is (-40)/z*(-11838)/(-4) composite?
False
Suppose 14*a - 4231385 + 1302739 = 0. Is a composite?
False
Let t = -90387 + 210410. Is t composite?
True
Suppose -3*g - 15 = 0, 2*v + 0*v + 4*g = 4128. Let u = v + -1163. Is u composite?
False
Let b be 370/(-3)*((-7)/2 - -2). Let g = 3 - 0. Suppose -1809 + b = -4*u + 3*w, 1239 = 3*u + g*w. Is u a composite number?
False
Let r(z) = z**2 - 11*z - 3. Let v = 55 + -44. Let j be r(v). Is (-2912)/(-6) - (-1)/j a prime number?
False
Suppose -23*c + 9247609 - 703353 = -2125605. Is c a prime number?
True
Let p(j) = 2425*j**2 + 21*j + 40. Is p(-7) a composite number?
True
Suppose -5*l + 3*r + 693 = 0, 4*l - 4*r - 405 = 143. Suppose 137*w = l*w + 2700. Let d = w - -1790. Is d a composite number?
True
Suppose 21*p + 23*p - 3242197 - 6474807 = 0. Is p a composite number?
False
Is (1/(2/1425140))/(-5 + (3 - -4)) composite?
True
Let a be (-4 - (3 + -6))*(-1)/1. Let i be -2*a/4*-6*1. Is (2 - (1 - (1125 - i)))*1 prime?
True
Let q(o) = -10576*o - 761. Is q(-13) a composite number?
False
Let c(o) = -8*o**3 - 3 + 1592*o**2 - 17*o - 1599*o**2 + 6*o. Let s be ((-5)/2)/(4/8). Is c(s) a composite number?
False
Suppose -79907 + 6006 = 12*k - 552185. Is k a prime number?
True
Let g = -49 - -51. Suppose -4988 = -g*l + 26030. Is l composite?
True
Let x = 216775 - 143214. Is x composite?
False
Let p(b) = 1 + 7 + 12 - 2*b - 6. Let r be p(7). Suppose r = -4*w + 4*c - c + 2329, -3*c - 580 = -w. Is w a composite number?
True
Let s = 18721 + -3511. Suppose 5*x + 4*w + 7619 = 6*x, 2*x - s = w. Is x a prime number?
True
Let k(h) = 244*h - 7. Let c be (-2)/9 + 1664/117. Let p be k(c). Let o = 13200 - p. Is o a prime number?
True
Suppose -38*c + 36*c - 41334 = 0. Let u = c + 30168. Is u prime?
False
Let f(o) = o**2 + 2*o + 58056. Let w be f(0). Suppose -15 = -3*t, -4*h + w = t - 5*t. Is h composite?
False
Suppose 5*c - 5162609 = -18*c - 6*c. Is c composite?
False
Let s = 7114451 - 4801560. Is s composite?
True
Let s be 7760/6*(-81)/(-36). Suppose -10416 = -3*o - s. Let u = 67 + o. Is u prime?
False
Is 172*((-55)/(-20) + -2) - 2 a composite number?
False
Let k be (0 - 1)*(6121 + (-30)/(-10)). Is k/(6 - 4)*1/(-2) a prime number?
True
Let a(n) = 191098*n - 113. Is a(12) a composite number?
False
Let f = -619 + 982. Let x = f + 344. Is x a composite number?
True
Let i be 4/30 + (-3)/((-135)/(-24621)). Let b = -780 + 552. Let y = b - i. Is y composite?
True
Let d(h) = 2*h**2 - 7*h + 1. Let c be d(4). Suppose -c*s - 5*b - 19 - 26 = 0, 4*s + 5*b + 40 = 0. Is (-1696)/s + (-6)/30 - 2 composite?
False
Suppose 2226 = -2*f - 10690. Let c = -2269 - f. Is c composite?
True
Let l = -68566 - -99533. Is l a prime number?
False
Let w(p) = p**3 - 18*p**2 - 15*p - 73. Let o be w(19). Suppose 0 = o*j - 5296 - 2861. Is j a prime number?
True
Suppose 14*z = -6*z + 18*z + 121754. Is z a prime number?
False
Suppose 36*i - 34*i - 13594 = 0. Let n = i + -3502. Is n composite?
True
Let r(o) = 6*o**3 - 8*o**2 + 11*o - 18. Let l(h) = 6*h - 19. Let i be l(9). Suppose -w = -4*w + 3*x, -4*w + i = 3*x. Is r(w) prime?
True
Is (21 - 1) + (1854264 - 279) a composite number?
True
Let n = 94317 - 37562. Is n prime?
False
Let p(q) = 247*q**3 - 3*q**2 + 2*q - 1. Let i be p(2). Let k be 139128/156 + ((-24)/13 - -2). Suppose i = 3*d - k. Is d prime?
True
Let s be (-32)/(-15) + 24/(-180). Suppose -k = -3*g - 2*k - 1040, -696 = 2*g - s*k. Let z = g + 496. Is z prime?
True
Let s be ((-70)/(-8))/((-14)/8 - -2). Suppose 28*r + 994 = s*r. Is r a prime number?
False
Suppose -3*t - 2*x = -1388607, -408525 - 54360 = -t + 2*x. Is t a composite number?
True
Let m(z) = -z**2 - 19*z - 41. Let w be m(-14). Suppose -3*i + w = -79. Suppose -1270 = 34*r - i*r. Is r prime?
False
Is (1120/(-1680))/(2*1/(-244785)) a prime number?
False
Let y(k) = -6*k**2 - 2*k + 769. Is y(0) a composite number?
False
Is (24/32)/((-39)/(-4509804)) a prime number?
False
Let z(p) = 157*p**2 - 3*p - 3. Is z(7) a composite number?
False
Let i = 17980 - -9697. Is i a composite number?
True
Suppose -15693 + 6124 = -4*w - 3*w. Let s(a) = -a**3 - 3*a**2 + 3. Let b be s(-3). Suppose 5006 = b*q + w. Is q a prime number?
True
Is 57588320/288 - 12/27 composite?
True
Suppose 0 = -133*f + 184*f - 178806. Is f prime?
False
Suppose 3*u - 27777 = q, 3*q - q - 6 = 0. Let y = u - 5637. Is y a prime number?
True
Suppose -21*a + 5046936 + 2077965 + 646296 = 0. Is a a prime number?
True
Is 20/(-35) - (-386747)/7 a prime number?
True
Is -9 + (9 - -3) + 123582/3 composite?
True
Suppose -62*y = -365*y + 15589047. Is y a composite number?
False
Let i(d) be the second derivative of d**5/10 - d**4 + 17*d**3/3 + 29*d**2/2 - d - 3. Is i(15) composite?
True
Let w = 593 + -3650. Let z = 9112 + w. Suppose -z = -t -